 (20/(-4))/(15/(-1308)) is divided by 19?
18
Suppose 2*k = -3*o + 14, 2*o = k + 7*o. Calculate the remainder when 10 is divided by k.
0
Let m(o) = -o**2 + o + 14. Let v be m(4). Let r = -16 + 11. What is the remainder when v*4*(r + 6) is divided by 4?
0
Calculate the remainder when 80 is divided by 14 - 12*8/(-16).
0
Let w(v) = v**2 + 4*v - 6. Let i be w(-6). Let t = i - -2. Let a = t - -10. Calculate the remainder when 52 is divided by a.
16
Let w(b) = -3*b - 23. Let m be w(-9). Suppose 0 = -m*j + 3 + 21. Calculate the remainder when 9 is divided by j.
3
Suppose 210 = 3*k - 3*q, k = -q - 2*q + 58. What is the remainder when k is divided by 26?
15
Let w = -11 + 50. What is the remainder when 6 is divided by 52/w*(0 + 3)?
2
Calculate the remainder when 20524/49 + (-7)/(-49) is divided by 42.
41
Suppose 4*n = -2*i + 26, -5*n = -8*n + 2*i + 16. What is the remainder when 7 is divided by n?
1
Let n(y) = y**3 - 2*y**2 - 10*y - 12. Let h be n(5). Suppose 0 = -m + 24 + h. Calculate the remainder when m is divided by 21.
16
Let l be (-10)/(-4)*380/25. Suppose 2*b - 4*b = -3*o - l, b - 16 = 3*o. Suppose 2*i - 4*d = -0*i + b, 0 = 4*d. Calculate the remainder when i is divided by 7.
4
Let y(i) = 14*i**2 + 10*i - 4. What is the remainder when y(2) is divided by 42?
30
Suppose 2*z - 1 - 7 = 0. Suppose z*b = 9 + 127. What is the remainder when 101 is divided by b?
33
Suppose 4*f - 38 = 2*f. Calculate the remainder when 1/2 - (1095/(-6))/5 is divided by f.
18
Let l = 189 + 99. What is the remainder when l is divided by 58?
56
Suppose 5*k + 3*y = 5*y + 221, -3*k = -3*y - 129. Calculate the remainder when 295 is divided by k.
25
Suppose 0 = 6*p - 23 - 43. Calculate the remainder when 314 is divided by p.
6
Let q = 301 - 263. What is the remainder when q is divided by 31?
7
Suppose -3*g + 1 = i + 2, -5*i - g - 5 = 0. Let k(s) = 26*s + 5. What is the remainder when k(1) is divided by i + (13 - (4 + -3))?
9
Let i = 49 + 10. Calculate the remainder when i is divided by 17.
8
Let n = -72 - -118. Calculate the remainder when n is divided by (1/(-2))/((-4)/128).
14
Suppose -22 = -4*u + 14. Let t = u - 4. Calculate the remainder when 18 is divided by t.
3
Let j(g) = g**3 - 6*g**2 - 5*g + 7. What is the remainder when 96 is divided by j(7)?
12
Suppose 2*g + 102 = 2*y, 5*y + g + 94 - 349 = 0. What is the remainder when 215 is divided by y?
11
Let a = -2 - -3. Let x = -27 + 56. Suppose -4*p - 2*b + 4 = 0, 3*p - 8*b = -3*b + x. Calculate the remainder when p is divided by a.
0
Let n(v) = -179*v - 2. Let o be n(-1). Let d = o - 125. Calculate the remainder when 259 is divided by d.
51
Suppose -2*x - 23*x + 6*x = -627. Let j = 4 + 0. Suppose -2*m = -6*m - 5*c + 51, -j*m = -3*c - 27. Calculate the remainder when x is divided by m.
6
Calculate the remainder when (-113)/((-4)/(-8) + (-18)/12) is divided by 58.
55
Calculate the remainder when (7 + -5 + 0 + -3)*-116 is divided by 46.
24
What is the remainder when 1 + ((-45)/(-1))/3 is divided by 214/14 + -7 + (-4)/14?
0
Suppose 107 = -2*j - 3*z, -z = 2*j - 0*z + 109. Let m = -433 - -400. Let t = m - j. Calculate the remainder when 86 is divided by t.
20
Let q(y) = -8*y**3 + 1. Let o be 2*2*3/(-12). What is the remainder when 16 is divided by q(o)?
7
Calculate the remainder when 100/2*(3 - 2) is divided by 22.
6
Let l = 14 - 8. Let i(u) = 8*u**2 - 18*u. Calculate the remainder when i(3) is divided by l.
0
Let d = -66 - -85. Suppose -d + 3 = -2*n. Calculate the remainder when ((-6)/4 - -1)*-24 is divided by n.
4
Suppose h = -2*h + 9. Suppose h*a - 24 = 30. Suppose 0 = -2*v - 3*y, 4*v - a = y + 2*y. Calculate the remainder when 11 is divided by v.
2
Let i = 480 - 449. What is the remainder when 276 is divided by i?
28
Suppose 0 = -5*m + 4*r + 136, m + 5*r - 35 + 2 = 0. Calculate the remainder when 1371 is divided by m.
27
Let s be 0/1 + 50 + -6. Let u = s - 39. Calculate the remainder when u is divided by 4.
1
Let s(v) = v**3 - 13*v**2 - 13*v. Suppose f + 4*g - 6 = 0, -2*g = -2*f + g + 34. What is the remainder when s(f) is divided by 2?
0
Let u = 475 - 177. What is the remainder when u is divided by 23?
22
Suppose -5*t = -a + 128, -140*a - 2*t = -135*a - 694. What is the remainder when a is divided by 4?
2
Let c = -452 + 496. Calculate the remainder when c is divided by 21.
2
Let u(c) = c**3 - 6*c**2 + 7*c - 8. Let r be u(5). Let n be (2 + -62)*r/(-6). Let m = -4 + n. What is the remainder when 31 is divided by m?
15
Suppose -2*f - 3*f = -5*w + 60, -w = 3*f. Suppose 2*h - w = -h. Let n(j) = -j**2 + 8*j - 1. Calculate the remainder when n(6) is divided by h.
2
Let n = -574 - -601. What is the remainder when 171 is divided by n?
9
Calculate the remainder when 144 - 15/(-12)*-4 is divided by 35.
34
Calculate the remainder when 89 is divided by 10/((-114)/36 + 4).
5
Suppose -5*s - q + 876 = 0, -5*q + 0 + 5 = 0. What is the remainder when s is divided by 46?
37
Suppose -77 = 5*o + 3*d, -5*o - 73 = -2*d + 4*d. Let m = 21 + o. Calculate the remainder when 30 is divided by m.
6
Let o be 6/(-10) + (-1212)/(-20) + 3. Let k = o - 25. What is the remainder when 112 is divided by k?
36
Let u(s) = -4*s**2 - 2. Let y be u(2). Let t = y + 36. Calculate the remainder when 71 is divided by t.
17
Suppose -g + 57 - 20 = 0. Let i be (-2)/(-4) - (-9)/(-6). What is the remainder when (730/25)/(i/(-5)) is divided by g?
35
Suppose -21 = -u - 0*u. Let h = -863 + 896. What is the remainder when h is divided by u?
12
Let w(t) = -18*t - 1. Let c = -3 + 12. Suppose -4*q + 81 - c = 0. Calculate the remainder when w(-2) is divided by q.
17
Let z = 73 - 48. Calculate the remainder when 42 is divided by z.
17
Suppose 2*c = -4*f + 265 + 307, -f - c + 142 = 0. Calculate the remainder when f is divided by 35.
4
Calculate the remainder when 295 is divided by (-5 + 6)/(15/225).
10
Suppose 0 = -5*r + 123 - 3. Suppose r = -5*o + 74. What is the remainder when 59 is divided by o?
9
Let t be ((-21)/(-35))/(2/(-10)). What is the remainder when 6 is divided by -2 - ((t - (2 + -1)) + 1)?
0
Suppose -3*v + 5*l + 77 = -2*v, 67 = v - 3*l. Suppose 12*y - 167 = 157. What is the remainder when v is divided by y?
25
Suppose 2*o = 2*i + 76, 20*i - 24*i = -5*o + 189. Let a(p) = -4*p - 4. What is the remainder when o is divided by a(-3)?
5
Let s(c) = 2*c**3 + 28*c**2 + 20*c - 9. Suppose -4*d + 5*l = -15 - 52, 2*d = 2*l + 34. Calculate the remainder when s(-13) is divided by d.
15
Suppose -2*b - 2*s + 52 = 0, -3*s - 100 = -3*b - 4. Calculate the remainder when 122 is divided by b.
6
Calculate the remainder when 221 is divided by (-42)/(-13 - -12) - -5.
33
Let l(x) = 38*x**2 + 13*x - 12. Calculate the remainder when 76 is divided by l(1).
37
Suppose 8*n - 20 - 52 = 0. Suppose n*z - 210 = 3*z. What is the remainder when 67 is divided by z?
32
Suppose 0*j = -2*j - 4*p + 88, 5*j - p = 253. What is the remainder when 60 is divided by j?
10
Suppose -14*w + 0*w + 336 = 0. What is the remainder when 137 is divided by w?
17
Let m = 6 + 5. Suppose -5*b + m = -4. Let p(a) = 3*a**2. What is the remainder when b is divided by p(1)?
0
Suppose 2*m = -11*m + 650. Let u = 21 + 1. What is the remainder when -39*(m/(-3))/10 is divided by u?
21
Let f(v) = 5*v - 10. Suppose -2*z + 23 = -3*i, 7*z + 30 = -5*i + 2*z. Let y be f(i). Let n = -30 - y. Calculate the remainder when 43 is divided by n.
13
Suppose 4*q + 5*u - 193 = 0, -126 = -3*q + 3*u + 39. Let p = -45 + q. What is the remainder when p is divided by 2?
1
Suppose -2*b - 5*r + 30 = 0, 0 = b - 3*r - 20 + 5. Suppose 3*h - 4*x + 10 = x, -4*h + x = -b. Let v = 3 - -11. What is the remainder when v is divided by h?
4
Let o(k) = -15*k - 114. What is the remainder when 589 is divided by o(-20)?
31
Suppose 4 = -4*n + 5*k + 36, n + 2*k = 8. Suppose n*w - 154 = 6*w. What is the remainder when w is divided by 40?
37
Let n = 311 + -196. Suppose -5*p - n = -2*g, 0*g - 3*g - 3*p + 141 = 0. Suppose 3*l - 49 = -2*x, 10 - 9 = -x. What is the remainder when g is divided by l?
16
Suppose 4 = 2*q + 6. Let h be (0 - q)/((-9)/(-54)). What is the remainder when 6/(-9) + 244/h is divided by 21?
19
What is the remainder when 28 is divided by (-6)/(4*1*(-11)/44)?
4
Let d = -1949 + 1960. Calculate the remainder when 51 is divided by d.
7
What is the remainder when 368 is di